base 10) in base 11?
2376
What is 271 (base 9) in base 7?
442
7aa (base 11) to base 14
4d1
12526 (base 7) to base 9
4534
Convert 1311004 (base 5) to base 10.
25754
Convert -341031 (base 5) to base 16.
-2ef0
Convert -6a01 (base 12) to base 14.
-4437
-36645 (base 8) to base 10
-15781
What is -3098 (base 12) in base 5?
-132200
-1362 (base 9) to base 7
-2666
Convert -3026 (base 8) to base 2.
-11000010110
Convert -29f (base 16) to base 6.
-3035
21342 (base 5) to base 12
a28
-6975 (base 11) to base 3
-110120011
Convert 343aa (base 11) to base 3.
2112012212
Convert 31 (base 5) to base 11.
15
What is -5135 (base 8) in base 15?
-bbd
Convert -6545 (base 8) to base 4.
-311211
What is 1111101001110 (base 2) in base 9?
11884
What is -2230 (base 4) in base 14?
-c4
922 (base 14) to base 6
12150
-100011100111 (base 2) to base 15
-a1e
-198 (base 12) to base 16
-104
15264 (base 8) to base 10
6836
Convert -1310 (base 7) to base 12.
-355
1022112 (base 3) to base 5
12314
-55a (base 11) to base 12
-47a
What is 142 (base 6) in base 15?
42
Convert 12000 (base 3) to base 14.
99
Convert -93 (base 12) to base 3.
-11010
5195 (base 10) to base 12
300b
-10a3 (base 12) to base 16
-73b
What is 20104 (base 5) in base 2?
10011111111
What is 1111 (base 6) in base 12?
197
What is 20044 (base 5) in base 3?
1202012
Convert 1001110010010 (base 2) to base 10.
5010
What is 22323202 (base 4) in base 14?
1245c
Convert -3147 (base 8) to base 16.
-667
233 (base 9) to base 16
c0
Convert -1100000110010 (base 2) to base 12.
-3702
What is 520 (base 16) in base 15?
5c7
Convert 101200 (base 3) to base 16.
120
What is 3013230 (base 4) in base 2?
11000111101100
Convert 100001100110 (base 2) to base 11.
1685
What is 765 (base 14) in base 4?
112311
Convert -120011 (base 4) to base 3.
-2010002
What is 13165 (base 7) in base 12?
205a
What is -1024135 (base 6) in base 11?
-34770
Convert -21221202 (base 3) to base 5.
-141143
-24d (base 15) to base 6
-2231
What is 157b (base 13) in base 4?
301020
What is 29449 (base 11) in base 2?
1010001101000110
Convert 110 (base 11) to base 2.
10000100
Convert 97b0 (base 16) to base 15.
b78c
Convert -3403 (base 5) to base 10.
-478
1b93 (base 12) to base 2
110101011111
Convert 100101010 (base 2) to base 7.
604
Convert -10110010 (base 2) to base 12.
-12a
What is -1112 (base 7) in base 15?
-1bb
What is 1343 (base 6) in base 10?
351
Convert 71571 (base 9) to base 4.
23200111
11511 (base 9) to base 7
31315
What is -321521 (base 6) in base 15?
-7c04
402553 (base 6) to base 2
111110000000101
125242 (base 7) to base 2
101101110011100
Convert -2866 (base 15) to base 6.
-104010
1436 (base 10) to base 14
748
Convert -48 (base 16) to base 6.
-200
-146 (base 10) to base 6
-402
Convert -101000 (base 6) to base 16.
-1f38
What is -16c5 (base 15) in base 5?
-124120
What is -30897 (base 10) in base 8?
-74261
What is 1268 (base 10) in base 9?
1658
What is -788 (base 13) in base 12?
-8bb
What is -157 (base 15) in base 9?
-371
What is 107b (base 12) in base 14?
943
What is 14706 (base 8) in base 6?
50314
What is 913 (base 13) in base 3?
2002221
What is 11002012201 (base 3) in base 14?
213cc
Convert 11442 (base 5) to base 12.
608
7748 (base 11) to base 9
15011
What is -323143 (base 5) in base 8?
-25450
134 (base 16) to base 8
464
2175 (base 12) to base 2
111001101001
Convert 1d2 (base 15) to base 13.
266
What is 100110011001011 (base 2) in base 15?
5c59
What is -15300 (base 9) in base 3?
-112100000
What is -3b4 (base 16) in base 9?
-1263
-57b4 (base 15) to base 6
-222111
What is 74d5 (base 14) in base 10?
20179
What is -55544 (base 6) in base 4?
-1321120
-110111 (base 3) to base 10
-337
Convert -700 (base 16) to base 7.
-5140
-11111010001101 (base 2) to base 16
-3e8d
Convert -136412 (base 7) to base 14.
-9809
What is -1263 (base 8) in base 6?
-3111
What is 10122201 (base 3) in base 16?
a69
1233332 (base 4) to base 16
1bfe
121112 (base 3) to base 10
446
What is -1354434 (base 6) in base 4?
-102322312
Convert 3030000 (base 4) to base 10.
13056
Convert 4710 (base 9) to base 7.
13116
Convert -116 (base 7) to base 10.
-62
Convert -1042 (base 5) to base 15.
-9c
ec2 (base 15) to base 3
11120102
Convert 110111010 (base 2) to base 13.
280
What is -1412 (base 5) in base 6?
-1024
What is -1732 (base 14) in base 2?
-1000001000000
What is 100110001101 (base 2) in base 16?
98d
What is -4159 (base 16) in base 12?
-9821
-1533 (base 6) to base 10
-417
221012201 (base 3) to base 2
100011111001011
What is 6331 (base 7) in base 13?
1024
Convert 106 (base 11) to base 9.
151
-81a (base 16) to base 5
-31244
What is -4263 (base 10) in base 7?
-15300
Convert -2221220011 (base 3) to base 6.
-1125351
-1584 (base 11) to base 12
-1210
What is -3310020 (base 4) in base 9?
-23380
What is 10330 (base 6) in base 13?
855
What is -12860 (base 12) in base 7?
-134046
Convert -100622 (base 9) to base 5.
-3401210
Convert -31311 (base 5) to base 8.
-4041
Convert 16d (base 16) to base 6.
1405
Convert -8585 (base 10) to base 9.
-12688
What is -2a6 (base 15) in base 8?
-1136
-101100000011100 (base 2) to base 3
-1010221102
What is -3133 (base 6) in base 13?
-423
-1100212120 (base 3) to base 15
-7e70
Convert -18 (base 14) to base 13.
-19
What is -1312112 (base 4) in base 2?
-1110110010110
-22221 (base 3) to base 10
-241
Convert -51 (base 16) to base 10.
-81
What is -9320 (base 10) in base 15?
-2b65
Convert -20002 (base 4) to base 16.
-202
Convert -2d50 (base 14) to base 9.
-12106
What is 3a93 (base 11) in base 3?
21021111
Convert ab (base 16) to base 15.
b6
What is -6447 (base 11) in base 14?
-3169
-133726 (base 9) to base 11
-56270
Convert -133333 (base 8) to base 4.
-23123123
What is -38747 (base 9) in base 4?
-12120031
What is -1374 (base 10) in base 7?
-4002
What is -365 (base 7) in base 2?
-11000010
Convert -9b7 (base 12) to base 9.
-1864
125411 (base 7) to base 11
1674a
Convert -376 (base 9) to base 4.
-10320
Convert -3620 (base 8) to base 5.
-30221
Convert -1115 (base 6) to base 10.
-263
-201 (base 15) to base 7
-1213
403 (base 12) to base 15
289
What is 466 (base 9) in base 12?
280
What is -1011111101111 (base 2) in base 8?
-13757
Convert 21102 (base 4) to base 5.
4334
-1001101000 (base 2) to base 15
-2b1
Convert -601 (base 10) to base 14.
-30d
2b5 (base 15) to base 12
438
What is -38a2 (base 11) in base 8?
-11721
-26ba (base 13) to base 10
-5561
Convert 219 (base 11) to base 3.
100201
Convert 103 (base 14) to base 6.
531
-1031111 (base 4) to base 7
-20300
51535 (base 9) to base 11
23583
Convert 10a96 (base 11) to base 14.
5b5a
What is 1c48 (base 14) in base 16?
1428
-317a (base 11) to base 2
-1000001101001
-25423 (base 6) to base 8
-7367
What is -6351 (base 10) in base 13?
-2b77
What is -1001101 (base 3) in base 2?
-1011111110
-ddb (base 14) to base 13
-132b
Convert 1a8b (base 12) to base 15.
e85
What is -20860 (base 10) in base 13?
-9658
4972 (base 14) to base 8
31050
What is -55b (base 15) in base 2?
-10010111011
101101111100100 (base 2) to base 16
5be4
What is 30362 (base 7) in base 12?
4342
Convert -19e (base 16) to base 13.
-25b
Convert 21202002 (base 3) to base 6.
42045
Convert 3152 (base 6) to base 7.
2042
Convert -2502 (base 7) to base 16.
-3a5
114 (base 12) to base 3
12221
What is 2ea6 (base 15) in base 16?
2748
13122 (base 4) to base 16
1da
21000 (base 3) to base 10
189
-3032 (base 4) to base 15
-db
-1235 (base 6) to base 16
-137
9007 (base 10) to base 3
110100121
What is 1a3 (base 12) in base 10?
267
1303 (base 4) to base 8
163
What is 186 (base 10) in base 9?
226
What is -220020 (base 3) in base 12?
-466
Convert -11213321 (base 4) to base 7.
-124103
3766 (base 8) to base 3
2210111
Convert 1111302 (base 4) to base 2.
1010101110010
Convert -8ff3 (base 16) to base 8.
-107763
Convert 758 (base 16) to base 7.
5324
Convert 212220 (base 3) to base 5.
10040
820 (base 16) to base 3
2212001
-365 (base 7) to base 3
-21012
53a (base 16) to base 12
936
What is -55d (base 15) in base 5?
-14323
6750 (base 10) to base 13
30c3
-101001220 (base 3) to base 14
-2965
What is -2085 (base 12) in base 3?
-11212202
Convert -120715 (base 8) to base 14.
-11149
What is 199 (base 14) in base 7?
652
Convert -2209 (base 10) to base 4.
-202201
124 (base 12) to base 6
444
2ece (base 15) to base 11
7647
11010001100010 (base 2) to base 16
3